Determine n(26).
12
Let o(f) = -f**3 + 10*f**2 - 15*f + 5. What is o(4)?
41
Let n(q) = -q**3 + 9*q**2 - 9*q + 8. What is n(8)?
0
Let t(z) = -136*z**3 - z + 1. What is t(1)?
-136
Let v(w) = -42*w + 544. Calculate v(12).
40
Let v(b) = -b**3 + 12*b**2 - 11*b - 58. Determine v(12).
-190
Let i(y) = 54*y + 67. Calculate i(4).
283
Let u(w) = -5*w**3 - 240*w**2 + 499*w - 61. Determine u(-50).
-11
Let t(x) = 13*x - 475. What is t(41)?
58
Let r(c) = 267*c - 8592. What is r(32)?
-48
Let c(x) = -514*x + 5648. Give c(11).
-6
Let b(p) = -2*p**3 - 9*p**2 - 2*p - 1. Determine b(-6).
119
Let f(x) = -x**3 + 20*x**2 + 125*x - 10. Calculate f(-5).
-10
Let z(n) = -n**3 + 14*n**2 - 11*n - 34. Give z(12).
122
Let a(m) = -m**3 - 50*m**2 - 413*m + 1628. Give a(-38).
-6
Let q(d) = -11*d**2 - 137*d + 235. What is q(-14)?
-3
Let z(r) = -326*r - 7815. Determine z(-24).
9
Let i(c) = -c**2 + 23*c + 29. What is i(27)?
-79
Let x(h) = 5*h**2 + 42*h + 53. Determine x(-5).
-32
Let i(m) = -98*m**3 - 2*m**2 - 8*m + 9. Calculate i(1).
-99
Let j(l) = -25*l - 195. What is j(-8)?
5
Let r(k) = k**2 - 44*k - 15. Give r(32).
-399
Let p(w) = -8*w + 156. What is p(31)?
-92
Let b(w) = 13*w**2 - w + 6. Give b(-3).
126
Let w(z) = -1143*z - 46872. Give w(-41).
-9
Let i(w) = -w**3 + 45*w**2 + 10*w - 450. Give i(45).
0
Let u(y) = y**2 + 135*y - 8252. What is u(46)?
74
Let j(r) = r**3 + 14*r**2 - 14*r - 75. Calculate j(-15).
-90
Let r(d) = -2*d**3 + 85*d**2 + 205*d + 5389. Give r(46).
7
Let i(j) = -j**2 + 152*j - 726. Calculate i(5).
9
Let g(d) = 179*d + 7413. Determine g(-41).
74
Let a(h) = -2146*h - 38657. Determine a(-18).
-29
Let m(k) = -k**3 - 9*k**2 + 6*k + 13. Determine m(-9).
-41
Let z(l) = 1310*l + 11793. Calculate z(-9).
3
Let g(f) = 13*f**3 - 115*f**2 + 9*f - 187. Give g(9).
56
Let q(m) = 169*m + 9347. Calculate q(-55).
52
Let d(q) = -21*q**2 + 575*q - 3253. What is d(8)?
3
Let h(y) = -509*y - 14759. Calculate h(-29).
2
Let p(q) = q**2 + 29*q + 164. Give p(-8).
-4
Let g(b) = -2*b**2 - 71*b - 547. What is g(-24)?
5
Let m(p) = -126*p - 3533. Give m(-28).
-5
Let m(d) = -d**3 + 156*d**2 + 3*d + 24164. What is m(157)?
-14
Let f(g) = g**2 + 109*g - 334. Give f(3).
2
Let m(d) = -14*d**2 + 2933*d - 1466. Calculate m(209).
-3
Let s(k) = -52*k - 141. Calculate s(-4).
67
Let m(i) = 2*i**2 - 947*i + 39330. What is m(46)?
0
Let i(q) = q**3 + 28*q**2 - 116*q - 2531. Determine i(-29).
-8
Let s(g) = -20*g - 229. Determine s(14).
-509
Let h(k) = 36*k**2 + 3*k + 4. What is h(2)?
154
Let r(g) = 4*g**3 - 4*g**2 + 3*g + 1. Calculate r(1).
4
Let z(q) = -2*q**3 - 364*q**2 + 2646*q + 3. Determine z(-189).
3
Let u(d) = d**3 + 37*d**2 - 37*d + 15. Calculate u(-38).
-23
Let j(q) = -q**3 - 12*q**2 + 38*q + 9. Determine j(-16).
425
Let a(f) = 104*f + 212. Determine a(-4).
-204
Let u(c) = 11*c**2 + 639*c + 63. Determine u(-58).
5
Let l(h) = -137*h - 3422. Determine l(-25).
3
Let g(c) = -1836*c - 113834. What is g(-62)?
-2
Let i(m) = -4*m**2 - 241*m - 1429. What is i(-54)?
-79
Let q(v) = 41*v - 544. What is q(13)?
-11
Let y(a) = 21*a + 2102. What is y(-99)?
23
Let a(x) = -5*x**2 - 277*x - 91. Give a(-55).
19
Let x(j) = -j**3 - 13*j**2 - 22*j - 11. What is x(-4)?
-67
Let w(p) = p**3 - 9*p**2 - 25*p + 15. Calculate w(10).
-135
Let w(r) = r**3 + 9*r**2 - 12*r - 37. Give w(7).
663
Let p(f) = -2*f**2 - 27*f - 625. What is p(-15)?
-670
Let h(r) = 2*r**2 - 5*r - 743. Calculate h(20).
-43
Let q(y) = 3*y**2 - 12*y + 12. Determine q(6).
48
Let m(j) = -j**3 - 19*j**2 + 21*j - 18. Determine m(-20).
-38
Let y(d) = -1512*d + 12085. Calculate y(8).
-11
Let l(x) = x**2 + 717*x + 15962. What is l(-23)?
0
Let p(j) = -j**3 + 35*j**2 - 67*j + 44. Give p(33).
11
Let q(t) = -39*t**2 - 218*t - 88. Determine q(-6).
-184
Let l(h) = -2*h**2 - 95*h - 990. Calculate l(-18).
72
Let b(f) = 17*f**2 + 393*f - 123. Calculate b(-23).
-169
Let c(j) = -51*j - 131. Give c(-8).
277
Let b(a) = -4*a**2 - 17*a + 132. What is b(-13)?
-323
Let f(h) = -2*h**3 - 610*h**2 - 1207*h + 1532. Calculate f(-303).
17
Let c(p) = 36*p - 326. Determine c(11).
70
Let l(b) = -b**2 - 52*b - 61. Determine l(-25).
614
Let x(v) = -3*v**3 - 90*v**2 + 51*v + 1536. Calculate x(-30).
6
Let n(f) = -64*f + 490. Give n(10).
-150
Let k(d) = d**3 + 113*d**2 + 1669*d + 3567. Calculate k(-96).
15
Let k(l) = 24*l + 595. Give k(-25).
-5
Let a(t) = t**3 - 6*t**2 - 226*t - 117. What is a(-12)?
3
Let n(z) = z**2 + z - 24. Determine n(-5).
-4
Let c(i) = 22*i**2 + 815*i + 54. Give c(-37).
17
Let h(m) = -204*m - 1308. What is h(-6)?
-84
Let h(g) = g**3 - 192*g**2 + 197*g - 1173. Determine h(191).
-27
Let z(q) = -140*q - 147. Give z(-2).
133
Let f(s) = 64*s - 150. What is f(2)?
-22
Let z(y) = -7*y**2 + 39*y - 39. Calculate z(4).
5
Let s(h) = 173*h**2 + 697*h + 7. What is s(-4)?
-13
Let z(x) = 13*x**2 - 3*x + 24. Calculate z(4).
220
Let d(y) = 7*y**2 + 45*y + 76. Give d(-6).
58
Let g(c) = -c**3 - 10*c**2 + 209*c + 2171. Determine g(-11).
-7
Let w(f) = f**3 - 4*f**2 - 5*f - 17. What is w(5)?
-17
Let l(k) = -2*k**3 - 13*k**2 - 3*k - 8. Give l(-6).
-26
Let d(a) = -15990*a + 31980. Calculate d(2).
0
Let b(j) = 8*j + 352. Determine b(-50).
-48
Let m(a) = a**2 + 3*a - 55. Calculate m(0).
-55
Let h(z) = z**2 + 17*z - 26. Give h(-19).
12
Let x(t) = 33*t**3 + 7*t**2 + 6*t + 5. Give x(-2).
-243
Let j(i) = 18*i + 1937. What is j(-109)?
-25
Let r(q) = q**3 + 10*q**2 + 39*q + 174. What is r(-9)?
-96
Let f(o) = 384*o + 1049. Determine f(-4).
-487
Let q(y) = -2*y**2 - 21*y - 100. Determine q(-8).
-60
Let r(w) = 88*w + 406. What is r(-5)?
-34
Let n(s) = -s**3 + 12*s**2 + 399*s + 30. Give n(-15).
120
Let j(l) = -362*l + 26731. Determine j(74).
-57
Let g(o) = -6*o + 243. Determine g(-37).
465
Let h(i) = 172*i - 518. Calculate h(3).
-2
Let d(b) = 321*b - 3087. Give d(10).
123
Let w(h) = 62*h**3 - 3*h + 3. What is w(1)?
62
Let a(t) = -2*t**3 - 2*t - 12. Calculate a(6).
-456
Let y(v) = -1332*v**2 + 29302*v + 32. Determine y(22).
-12
Let r(v) = 36*v + 2734. Give r(-76).
-2
Let w(x) = 2*x**3 + 24*x**2 + 71*x - 8. Give w(-6).
-2
Let x(b) = -b**3 - 4*b**2 - 5*b - 22. What is x(-3)?
-16
Let s(m) = -239*m + 2305. Calculate s(9).
154
Let g(t) = t**3 + 3*t**2 - 32*t - 81. Determine g(-5).
29
Let q(s) = -518*s - 3104. Determine q(-6).
4
Let q(r) = 3*r**2 + 46*r - 203. Give q(4).
29
Let j(t) = 9*t**2 + 235*t - 212. Calculate j(-27).
4
Let z(q) = -q**2 - 631*q + 4348. Give z(7).
-118
Let v(m) = -4*m + 130. What is v(34)?
-6
Let a(x) = 437*x + 1305. Give a(-3).
-6
Let h(u) = 9*u + 336. Determine h(-47).
-87
Let k(m) = m**2 - 56*m - 1157. Give k(-16).
-5
Let f(v) = 48410*v + 96826. Determine f(-2).
6
Let i(l) = -l**2 - 68*l - 530. Give i(-59).
1
Let b(w) = -3177*w - 19061. Give b(-6).
1
Let u(z) = -12*z + 165. Determine u(28).
-171
Let x(m) = m**2 - 25*m + 30. Calculate x(19).
-84
Let y(d) = 38*d - 1743. Give y(56).
385
Let w(x) = -x**2 - 20*x + 1425. Give w(29).
4
Let w(l) = -178*l - 24009. Give w(-135).
21
Let w(q) = -1948*q + 74020. What is w(38)?
-4
Let q(o) = o**2 + 12*o - 9. Give q(6).
99
Let y(m) = 3*m**2 - 46*m + 152. What is y(4)?
16
Let c(s) = 691*s + 1386. Give c(-2).
4
Let s(d) = -96*d + 192. Determine s(2).
0
Let r(k) = 44*k + 399. What is r(-8)?
47
Let m(c) = -49*c + 83. What is m(-3)?
230
Let n(b) = -b**2 + 93*b + 122. Calculate n(94).
28
Let p(b) = 36*b**3 + b**2 - b. Give p(-1).
-34
Let c(k) = -42*k**2 + 65*k - 195. Calculate c(3).
-378
Let s(m) = m**2 - 8*m - 5. Calculate s(13).
60
Let v(h) = -h**2 - 55*h - 330. Calculate v(-10).
120
Let f(m) = -740*m - 21423. Determine f(-29).
37
Let m(z) = z**2 + 1034*z + 11264. Calculate m(-11).
11
Let v(u) = -u**2 + 107*u + 1688. Determine v(-14).
-6
Let o(f) = -f**3 + 37*f**2 + 112*f + 318. Calculate o(40).
-2
Let y(m) = -2*m**3 + 13*m**2 - 9*m + 5. Determine y(5).
35
Let m(i) = 6*i - 54. Give m(10).
6
Let m(p) = -80*p**2 + 8*p + 6. Determine m(1).
-66
Let x(n) = -n**2 + 1022*n - 13099. Determine x(13).
18
Let v(a) = a**3 - 3*a**2 - 69*a - 30. What is v(-6)?
60
Let d(w) = 13*w - 203. Give d(14).
-21
Let z(p) = 775*p - 24804. Determine z(32).
-4
Let v(x) = -3*x**2 + 59*x - 45. Determine v(16).
131
Let w(d) = -13961*d - 209407. Determine w(-15).
8
Let n(i) = -4*i**3 - 210*i**2 + 105*i - 50. What is n(-53)?
3
Let l(s) = 809*s - 5670. Calculate l(7).
-7
Let x(y) = 68*y + 71